{"id":214,"date":"2017-02-21T08:01:33","date_gmt":"2017-02-21T08:01:33","guid":{"rendered":"http:\/\/izdemcelik.com\/index.php\/portfolio-grid-masonry\/"},"modified":"2021-12-30T14:58:26","modified_gmt":"2021-12-30T11:58:26","slug":"urunler","status":"publish","type":"page","link":"https:\/\/asildemircelik.com\/index.php\/urunler\/","title":{"rendered":"\u00dcr\u00fcnler"},"content":{"rendered":"<p>[vc_row lg_spacing=&#8221;padding_top:60&#8243; sm_spacing=&#8221;padding_top:100&#8243;][vc_column][vc_row_inner lg_spacing=&#8221;margin_bottom:100&#8243; sm_spacing=&#8221;margin_bottom:50&#8243;][vc_column_inner][tm_heading custom_google_font=&#8221;&#8221; google_fonts=&#8221;font_family:Poppins%3A300%2Cregular%2C500%2C600%2C700|font_style:300%20light%20regular%3A300%3Anormal&#8221; align=&#8221;center&#8221; text=&#8221;\u00dcr\u00fcnlerimiz&#8221; font_size=&#8221;sm:40;md:48;lg:56&#8243; letter_spacing=&#8221;1.16&#8243; css=&#8221;.vc_custom_1640602254526{margin-bottom: 24px !important;}&#8221; typed_list=&#8221;%5B%7B%7D%5D&#8221;][tm_heading tag=&#8221;div&#8221; custom_google_font=&#8221;&#8221; google_fonts=&#8221;font_family:Poppins%3A300%2Cregular%2C500%2C600%2C700|font_style:300%20light%20regular%3A300%3Anormal&#8221; align=&#8221;center&#8221; text=&#8221;\u00dcr\u00fcn gruplar\u0131m\u0131z\u0131 bu ba\u015fl\u0131klar alt\u0131nda \u00f6zetledik. Demir \u00c7elik ad\u0131na t\u00fcm \u00fcr\u00fcn gruplar\u0131nda e\u015fsiz \u00e7\u00f6z\u00fcmlerimizi g\u00f6rmek i\u00e7in bizden teklif almadan karar vermeyin!&#8221; max_width=&#8221;860px&#8221; typed_list=&#8221;%5B%7B%7D%5D&#8221;][\/vc_column_inner][\/vc_row_inner][tm_portfolio style=&#8221;3&#8243; gutter=&#8221;30&#8243; overlay_style=&#8221;zoom&#8221; number=&#8221;9&#8243; filter_enable=&#8221;&#8221; filter_counter=&#8221;&#8221; columns=&#8221;xs:1;sm:2;lg:3&#8243;][\/vc_column][\/vc_row]<\/p>\n","protected":false},"excerpt":{"rendered":"[vc_row lg_spacing=&#8221;padding_top:60&#8243; sm_spacing=&#8221;padding_top:100&#8243;][vc_column][vc_row_inner lg_spacing=&#8221;margin_bottom:100&#8243; sm_spacing=&#8221;margin_bottom:50&#8243;][vc_column_inner][tm_heading custom_google_font=&#8221;&#8221; google_fonts=&#8221;font_family:Poppins%3A300%2Cregular%2C500%2C600%2C700|font_style:300%20light%20regular%3A300%3Anormal&#8221; align=&#8221;center&#8221; text=&#8221;\u00dcr\u00fcnlerimiz&#8221; font_size=&#8221;sm:40;md:48;lg:56&#8243; letter_spacing=&#8221;1.16&#8243; css=&#8221;.vc_custom_1640602254526{margin-bottom: 24px !important;}&#8221; typed_list=&#8221;%5B%7B%7D%5D&#8221;][tm_heading tag=&#8221;div&#8221; custom_google_font=&#8221;&#8221; google_fonts=&#8221;font_family:Poppins%3A300%2Cregular%2C500%2C600%2C700|font_style:300%20light%20regular%3A300%3Anormal&#8221; align=&#8221;center&#8221; text=&#8221;\u00dcr\u00fcn gruplar\u0131m\u0131z\u0131 bu ba\u015fl\u0131klar alt\u0131nda \u00f6zetledik. Demir \u00c7elik ad\u0131na t\u00fcm \u00fcr\u00fcn gruplar\u0131nda e\u015fsiz \u00e7\u00f6z\u00fcmlerimizi g\u00f6rmek i\u00e7in bizden teklif almadan karar vermeyin!&#8221; max_width=&#8221;860px&#8221; typed_list=&#8221;%5B%7B%7D%5D&#8221;][\/vc_column_inner][\/vc_row_inner][tm_portfolio style=&#8221;3&#8243; gutter=&#8221;30&#8243; overlay_style=&#8221;zoom&#8221; number=&#8221;9&#8243; filter_enable=&#8221;&#8221; filter_counter=&#8221;&#8221; columns=&#8221;xs:1;sm:2;lg:3&#8243;][\/vc_column][\/vc_row]","protected":false},"author":1,"featured_media":0,"parent":0,"menu_order":0,"comment_status":"closed","ping_status":"closed","template":"","meta":{"footnotes":""},"class_list":["post-214","page","type-page","status-publish","hentry"],"_links":{"self":[{"href":"https:\/\/asildemircelik.com\/index.php\/wp-json\/wp\/v2\/pages\/214","targetHints":{"allow":["GET"]}}],"collection":[{"href":"https:\/\/asildemircelik.com\/index.php\/wp-json\/wp\/v2\/pages"}],"about":[{"href":"https:\/\/asildemircelik.com\/index.php\/wp-json\/wp\/v2\/types\/page"}],"author":[{"embeddable":true,"href":"https:\/\/asildemircelik.com\/index.php\/wp-json\/wp\/v2\/users\/1"}],"replies":[{"embeddable":true,"href":"https:\/\/asildemircelik.com\/index.php\/wp-json\/wp\/v2\/comments?post=214"}],"version-history":[{"count":18,"href":"https:\/\/asildemircelik.com\/index.php\/wp-json\/wp\/v2\/pages\/214\/revisions"}],"predecessor-version":[{"id":3819,"href":"https:\/\/asildemircelik.com\/index.php\/wp-json\/wp\/v2\/pages\/214\/revisions\/3819"}],"wp:attachment":[{"href":"https:\/\/asildemircelik.com\/index.php\/wp-json\/wp\/v2\/media?parent=214"}],"curies":[{"name":"wp","href":"https:\/\/api.w.org\/{rel}","templated":true}]}}