{"id":3836,"date":"2022-01-07T15:41:48","date_gmt":"2022-01-07T12:41:48","guid":{"rendered":"http:\/\/izdemcelik.com\/?page_id=3836"},"modified":"2022-01-07T15:52:15","modified_gmt":"2022-01-07T12:52:15","slug":"lojistik","status":"publish","type":"page","link":"https:\/\/asildemircelik.com\/index.php\/lojistik\/","title":{"rendered":"Lojistik"},"content":{"rendered":"<p>[vc_row full_width=&#8221;stretch_row&#8221; overlay_background=&#8221;primary&#8221; overlay_opacity=&#8221;75&#8243; background_image=&#8221;3839&#8243; lg_spacing=&#8221;padding_top:300&#8243; xs_spacing=&#8221;padding_top:120&#8243; sm_spacing=&#8221;padding_top:150&#8243;][vc_column][tm_heading custom_google_font=&#8221;&#8221; google_fonts=&#8221;font_family:Poppins%3A300%2Cregular%2C500%2C600%2C700|font_style:300%20light%20regular%3A300%3Anormal&#8221; font_weight=&#8221;700&#8243; align=&#8221;center&#8221; text_color=&#8221;secondary_color&#8221; text=&#8221;LOJ\u0130ST\u0130K&#8221; font_size=&#8221;lg:16&#8243; letter_spacing=&#8221;2px&#8221; typed_list=&#8221;%5B%7B%7D%5D&#8221;][vc_empty_space height=&#8221;20&#8243;][tm_heading custom_google_font=&#8221;&#8221; google_fonts=&#8221;font_family:Poppins%3A300%2Cregular%2C500%2C600%2C700|font_style:300%20light%20regular%3A300%3Anormal&#8221; font_weight=&#8221;500&#8243; align=&#8221;center&#8221; text_color=&#8221;custom_color&#8221; custom_text_color=&#8221;#ffffff&#8221; text=&#8221;Tecr\u00fcbeli \u015fof\u00f6rleri, b\u00fcnyesinde bulunan lojistik \u015firketine ait ara\u00e7lar\u0131yla birlikte yurti\u00e7inde istenilen yere ta\u015f\u0131mac\u0131l\u0131k alan\u0131nda faaliyetlerini ba\u015far\u0131 ile s\u00fcrd\u00fcrmekte olan firmam\u0131z siz de\u011ferli m\u00fc\u015fterilerin istek, arzu ve beklentilerini kaliteli, ekonomik ve g\u00fcven i\u00e7inde en \u00fcst d\u00fczeyde kar\u015f\u0131lamakta, ko\u015fulsuz m\u00fc\u015fteri memnuniyetine dayal\u0131 olarak hizmet vermektedir.&#8221; font_size=&#8221;xs:7;sm:7;md:10;lg:20&#8243; line_height=&#8221;1&#8243; typed_list=&#8221;%5B%7B%7D%5D&#8221;][vc_empty_space height=&#8221;10&#8243;][vc_empty_space height=&#8221;500&#8243;][\/vc_column][\/vc_row]<\/p>\n","protected":false},"excerpt":{"rendered":"[vc_row full_width=&#8221;stretch_row&#8221; overlay_background=&#8221;primary&#8221; overlay_opacity=&#8221;75&#8243; background_image=&#8221;3839&#8243; lg_spacing=&#8221;padding_top:300&#8243; xs_spacing=&#8221;padding_top:120&#8243; sm_spacing=&#8221;padding_top:150&#8243;][vc_column][tm_heading custom_google_font=&#8221;&#8221; google_fonts=&#8221;font_family:Poppins%3A300%2Cregular%2C500%2C600%2C700|font_style:300%20light%20regular%3A300%3Anormal&#8221; font_weight=&#8221;700&#8243; align=&#8221;center&#8221; text_color=&#8221;secondary_color&#8221; text=&#8221;LOJ\u0130ST\u0130K&#8221; font_size=&#8221;lg:16&#8243; letter_spacing=&#8221;2px&#8221; typed_list=&#8221;%5B%7B%7D%5D&#8221;][vc_empty_space height=&#8221;20&#8243;][tm_heading custom_google_font=&#8221;&#8221; google_fonts=&#8221;font_family:Poppins%3A300%2Cregular%2C500%2C600%2C700|font_style:300%20light%20regular%3A300%3Anormal&#8221; font_weight=&#8221;500&#8243; align=&#8221;center&#8221; text_color=&#8221;custom_color&#8221; custom_text_color=&#8221;#ffffff&#8221; text=&#8221;Tecr\u00fcbeli \u015fof\u00f6rleri, b\u00fcnyesinde bulunan lojistik \u015firketine ait ara\u00e7lar\u0131yla birlikte yurti\u00e7inde istenilen yere ta\u015f\u0131mac\u0131l\u0131k alan\u0131nda faaliyetlerini ba\u015far\u0131 ile s\u00fcrd\u00fcrmekte olan firmam\u0131z siz de\u011ferli m\u00fc\u015fterilerin istek, arzu ve beklentilerini kaliteli, ekonomik ve g\u00fcven i\u00e7inde en \u00fcst d\u00fczeyde kar\u015f\u0131lamakta, ko\u015fulsuz m\u00fc\u015fteri memnuniyetine dayal\u0131 olarak hizmet vermektedir.&#8221; font_size=&#8221;xs:7;sm:7;md:10;lg:20&#8243; line_height=&#8221;1&#8243; typed_list=&#8221;%5B%7B%7D%5D&#8221;][vc_empty_space height=&#8221;10&#8243;][vc_empty_space height=&#8221;500&#8243;][\/vc_column][\/vc_row]","protected":false},"author":1,"featured_media":0,"parent":0,"menu_order":0,"comment_status":"closed","ping_status":"closed","template":"","meta":{"footnotes":""},"class_list":["post-3836","page","type-page","status-publish","hentry"],"_links":{"self":[{"href":"https:\/\/asildemircelik.com\/index.php\/wp-json\/wp\/v2\/pages\/3836","targetHints":{"allow":["GET"]}}],"collection":[{"href":"https:\/\/asildemircelik.com\/index.php\/wp-json\/wp\/v2\/pages"}],"about":[{"href":"https:\/\/asildemircelik.com\/index.php\/wp-json\/wp\/v2\/types\/page"}],"author":[{"embeddable":true,"href":"https:\/\/asildemircelik.com\/index.php\/wp-json\/wp\/v2\/users\/1"}],"replies":[{"embeddable":true,"href":"https:\/\/asildemircelik.com\/index.php\/wp-json\/wp\/v2\/comments?post=3836"}],"version-history":[{"count":5,"href":"https:\/\/asildemircelik.com\/index.php\/wp-json\/wp\/v2\/pages\/3836\/revisions"}],"predecessor-version":[{"id":3843,"href":"https:\/\/asildemircelik.com\/index.php\/wp-json\/wp\/v2\/pages\/3836\/revisions\/3843"}],"wp:attachment":[{"href":"https:\/\/asildemircelik.com\/index.php\/wp-json\/wp\/v2\/media?parent=3836"}],"curies":[{"name":"wp","href":"https:\/\/api.w.org\/{rel}","templated":true}]}}

<p>[vc_row full_width=&#8221;stretch_row&#8221; overlay_background=&#8221;primary&#8221; overlay_opacity=&#8221;75&#8243; background_image=&#8221;3839&#8243; lg_spacing=&#8221;padding_top:300&#8243; xs_spacing=&#8221;padding_top:120&#8243; sm_spacing=&#8221;padding_top:150&#8243;][vc_column][tm_heading custom_google_font=&#8221;&#8221; google_fonts=&#8221;font_family:Poppins%3A300%2Cregular%2C500%2C600%2C700|font_style:300%20light%20regular%3A300%3Anormal&#8221; font_weight=&#8221;700&#8243; align=&#8221;center&#8221; text_color=&#8221;secondary_color&#8221; text=&#8221;LOJİSTİK&#8221; font_size=&#8221;lg:16&#8243; letter_spacing=&#8221;2px&#8221; typed_list=&#8221;%5B%7B%7D%5D&#8221;][vc_empty_space height=&#8221;20&#8243;][tm_heading custom_google_font=&#8221;&#8221; google_fonts=&#8221;font_family:Poppins%3A300%2Cregular%2C500%2C600%2C700|font_style:300%20light%20regular%3A300%3Anormal&#8221; font_weight=&#8221;500&#8243; align=&#8221;center&#8221; text_color=&#8221;custom_color&#8221; custom_text_color=&#8221;#ffffff&#8221; text=&#8221;Tecrübeli şoförleri, bünyesinde bulunan lojistik şirketine ait araçlarıyla birlikte yurtiçinde istenilen yere taşımacılık alanında faaliyetlerini başarı ile sürdürmekte olan firmamız siz değerli müşterilerin istek, arzu ve beklentilerini kaliteli, ekonomik ve güven içinde en üst düzeyde karşılamakta, koşulsuz müşteri memnuniyetine dayalı olarak hizmet vermektedir.&#8221; font_size=&#8221;xs:7;sm:7;md:10;lg:20&#8243; line_height=&#8221;1&#8243; typed_list=&#8221;%5B%7B%7D%5D&#8221;][vc_empty_space height=&#8221;10&#8243;][vc_empty_space height=&#8221;500&#8243;][/vc_column][/vc_row]</p>

[vc_row full_width=&#8221;stretch_row&#8221; overlay_background=&#8221;primary&#8221; overlay_opacity=&#8221;75&#8243; background_image=&#8221;3839&#8243; lg_spacing=&#8221;padding_top:300&#8243; xs_spacing=&#8221;padding_top:120&#8243; sm_spacing=&#8221;padding_top:150&#8243;][vc_column][tm_heading custom_google_font=&#8221;&#8221; google_fonts=&#8221;font_family:Poppins%3A300%2Cregular%2C500%2C600%2C700|font_style:300%20light%20regular%3A300%3Anormal&#8221; font_weight=&#8221;700&#8243; align=&#8221;center&#8221; text_color=&#8221;secondary_color&#8221; text=&#8221;LOJİSTİK&#8221; font_size=&#8221;lg:16&#8243; letter_spacing=&#8221;2px&#8221; typed_list=&#8221;%5B%7B%7D%5D&#8221;][vc_empty_space height=&#8221;20&#8243;][tm_heading custom_google_font=&#8221;&#8221; google_fonts=&#8221;font_family:Poppins%3A300%2Cregular%2C500%2C600%2C700|font_style:300%20light%20regular%3A300%3Anormal&#8221; font_weight=&#8221;500&#8243; align=&#8221;center&#8221; text_color=&#8221;custom_color&#8221; custom_text_color=&#8221;#ffffff&#8221; text=&#8221;Tecrübeli şoförleri, bünyesinde bulunan lojistik şirketine ait araçlarıyla birlikte yurtiçinde istenilen yere taşımacılık alanında faaliyetlerini başarı ile sürdürmekte olan firmamız siz değerli müşterilerin istek, arzu ve beklentilerini kaliteli, ekonomik ve güven içinde en üst düzeyde karşılamakta, koşulsuz müşteri memnuniyetine dayalı olarak hizmet vermektedir.&#8221; font_size=&#8221;xs:7;sm:7;md:10;lg:20&#8243; line_height=&#8221;1&#8243; typed_list=&#8221;%5B%7B%7D%5D&#8221;][vc_empty_space height=&#8221;10&#8243;][vc_empty_space height=&#8221;500&#8243;][/vc_column][/vc_row]
